{"version":"1.0","provider_name":"HIERO STRASBOURG","provider_url":"https:\/\/hierostrasbourg.com","title":"Brouillon autoActualit\u00e9 des aides \u00e0 l\u2019emploi - HIERO STRASBOURG","type":"rich","width":600,"height":338,"html":"<blockquote class=\"wp-embedded-content\" data-secret=\"slRgS2N0u3\"><a href=\"https:\/\/hierostrasbourg.com\/index.php\/2023\/02\/01\/brouillon-autoactualite-des-aides-a-lemploi\/\">Brouillon autoActualit\u00e9 des aides \u00e0 l\u2019emploi<\/a><\/blockquote><iframe sandbox=\"allow-scripts\" security=\"restricted\" src=\"https:\/\/hierostrasbourg.com\/index.php\/2023\/02\/01\/brouillon-autoactualite-des-aides-a-lemploi\/embed\/#?secret=slRgS2N0u3\" width=\"600\" height=\"338\" title=\"\u00ab\u00a0Brouillon autoActualit\u00e9 des aides \u00e0 l\u2019emploi\u00a0\u00bb &#8212; HIERO STRASBOURG\" data-secret=\"slRgS2N0u3\" frameborder=\"0\" marginwidth=\"0\" marginheight=\"0\" scrolling=\"no\" class=\"wp-embedded-content\"><\/iframe><script type=\"text\/javascript\">\n\/* <![CDATA[ *\/\n\/*! This file is auto-generated *\/\n!function(d,l){\"use strict\";l.querySelector&&d.addEventListener&&\"undefined\"!=typeof URL&&(d.wp=d.wp||{},d.wp.receiveEmbedMessage||(d.wp.receiveEmbedMessage=function(e){var t=e.data;if((t||t.secret||t.message||t.value)&&!\/[^a-zA-Z0-9]\/.test(t.secret)){for(var s,r,n,a=l.querySelectorAll('iframe[data-secret=\"'+t.secret+'\"]'),o=l.querySelectorAll('blockquote[data-secret=\"'+t.secret+'\"]'),c=new RegExp(\"^https?:$\",\"i\"),i=0;i<o.length;i++)o[i].style.display=\"none\";for(i=0;i<a.length;i++)s=a[i],e.source===s.contentWindow&&(s.removeAttribute(\"style\"),\"height\"===t.message?(1e3<(r=parseInt(t.value,10))?r=1e3:~~r<200&&(r=200),s.height=r):\"link\"===t.message&&(r=new URL(s.getAttribute(\"src\")),n=new URL(t.value),c.test(n.protocol))&&n.host===r.host&&l.activeElement===s&&(d.top.location.href=t.value))}},d.addEventListener(\"message\",d.wp.receiveEmbedMessage,!1),l.addEventListener(\"DOMContentLoaded\",function(){for(var e,t,s=l.querySelectorAll(\"iframe.wp-embedded-content\"),r=0;r<s.length;r++)(t=(e=s[r]).getAttribute(\"data-secret\"))||(t=Math.random().toString(36).substring(2,12),e.src+=\"#?secret=\"+t,e.setAttribute(\"data-secret\",t)),e.contentWindow.postMessage({message:\"ready\",secret:t},\"*\")},!1)))}(window,document);\n\/\/# sourceURL=https:\/\/hierostrasbourg.com\/wp-includes\/js\/wp-embed.min.js\n\/* ]]> *\/\n<\/script>\n","description":"Quelles aides \u00e0 l\u2019emploi sont mobilisables pour les acteurs associatifs\u00a0? Quelles aides sp\u00e9cifiques pour le secteur culturel\u00a0?Travail de recensement r\u00e9alis\u00e9 en partenariat avec l\u2019Ufisc dans le cadre de sa mission de structuration professionnelle, et de ressource pour les DLA \u2013 janvier 2023. \u00a0 M\u00eame si les dispositifs d\u2019aides \u00e0 l\u2019emploi ont fortement \u00e9t\u00e9 r\u00e9duites ces 5 derni\u00e8res ann\u00e9es (annonce du gouvernement en 2017 de la suppression totale des contrats aid\u00e9s pour 2020), des opportunit\u00e9s subsistent pour les acteurs associatifs et [&hellip;]"}

Brouillon autoActualité des aides à l’emploi - HIERO STRASBOURG

<blockquote class="wp-embedded-content" data-secret="slRgS2N0u3"><a href="https://hierostrasbourg.com/index.php/2023/02/01/brouillon-autoactualite-des-aides-a-lemploi/">Brouillon autoActualité des aides à l’emploi</a></blockquote><iframe sandbox="allow-scripts" security="restricted" src="https://hierostrasbourg.com/index.php/2023/02/01/brouillon-autoactualite-des-aides-a-lemploi/embed/#?secret=slRgS2N0u3" width="600" height="338" title="« Brouillon autoActualité des aides à l’emploi » &#8212; HIERO STRASBOURG" data-secret="slRgS2N0u3" frameborder="0" marginwidth="0" marginheight="0" scrolling="no" class="wp-embedded-content"></iframe><script type="text/javascript">
/* <![CDATA[ */
/*! This file is auto-generated */
!function(d,l){"use strict";l.querySelector&&d.addEventListener&&"undefined"!=typeof URL&&(d.wp=d.wp||{},d.wp.receiveEmbedMessage||(d.wp.receiveEmbedMessage=function(e){var t=e.data;if((t||t.secret||t.message||t.value)&&!/[^a-zA-Z0-9]/.test(t.secret)){for(var s,r,n,a=l.querySelectorAll('iframe[data-secret="'+t.secret+'"]'),o=l.querySelectorAll('blockquote[data-secret="'+t.secret+'"]'),c=new RegExp("^https?:$","i"),i=0;i<o.length;i++)o[i].style.display="none";for(i=0;i<a.length;i++)s=a[i],e.source===s.contentWindow&&(s.removeAttribute("style"),"height"===t.message?(1e3<(r=parseInt(t.value,10))?r=1e3:~~r<200&&(r=200),s.height=r):"link"===t.message&&(r=new URL(s.getAttribute("src")),n=new URL(t.value),c.test(n.protocol))&&n.host===r.host&&l.activeElement===s&&(d.top.location.href=t.value))}},d.addEventListener("message",d.wp.receiveEmbedMessage,!1),l.addEventListener("DOMContentLoaded",function(){for(var e,t,s=l.querySelectorAll("iframe.wp-embedded-content"),r=0;r<s.length;r++)(t=(e=s[r]).getAttribute("data-secret"))||(t=Math.random().toString(36).substring(2,12),e.src+="#?secret="+t,e.setAttribute("data-secret",t)),e.contentWindow.postMessage({message:"ready",secret:t},"*")},!1)))}(window,document);
//# sourceURL=https://hierostrasbourg.com/wp-includes/js/wp-embed.min.js
/* ]]> */
</script>

Quelles aides à l’emploi sont mobilisables pour les acteurs associatifs ? Quelles aides spécifiques pour le secteur culturel ?Travail de recensement réalisé en partenariat avec l’Ufisc dans le cadre de sa mission de structuration professionnelle, et de ressource pour les DLA – janvier 2023.   Même si les dispositifs d’aides à l’emploi ont fortement été réduites ces 5 dernières années (annonce du gouvernement en 2017 de la suppression totale des contrats aidés pour 2020), des opportunités subsistent pour les acteurs associatifs et [&hellip;]
