{"version":"1.0","provider_name":"HIERO STRASBOURG","provider_url":"https:\/\/hierostrasbourg.com","title":"[Podcast] Les arrangeurs \/compositeurs - HIERO STRASBOURG","type":"rich","width":600,"height":338,"html":"<blockquote class=\"wp-embedded-content\" data-secret=\"1w4puBdErH\"><a href=\"https:\/\/hierostrasbourg.com\/index.php\/2022\/12\/11\/podcast-les-arrangeurs-compositeurs\/\">[Podcast] Les arrangeurs \/compositeurs<\/a><\/blockquote><iframe sandbox=\"allow-scripts\" security=\"restricted\" src=\"https:\/\/hierostrasbourg.com\/index.php\/2022\/12\/11\/podcast-les-arrangeurs-compositeurs\/embed\/#?secret=1w4puBdErH\" width=\"600\" height=\"338\" title=\"\u00ab\u00a0[Podcast] Les arrangeurs \/compositeurs\u00a0\u00bb &#8212; HIERO STRASBOURG\" data-secret=\"1w4puBdErH\" frameborder=\"0\" marginwidth=\"0\" marginheight=\"0\" scrolling=\"no\" class=\"wp-embedded-content\"><\/iframe><script type=\"text\/javascript\">\n\/* <![CDATA[ *\/\n\/*! This file is auto-generated *\/\n!function(d,l){\"use strict\";l.querySelector&&d.addEventListener&&\"undefined\"!=typeof URL&&(d.wp=d.wp||{},d.wp.receiveEmbedMessage||(d.wp.receiveEmbedMessage=function(e){var t=e.data;if((t||t.secret||t.message||t.value)&&!\/[^a-zA-Z0-9]\/.test(t.secret)){for(var s,r,n,a=l.querySelectorAll('iframe[data-secret=\"'+t.secret+'\"]'),o=l.querySelectorAll('blockquote[data-secret=\"'+t.secret+'\"]'),c=new RegExp(\"^https?:$\",\"i\"),i=0;i<o.length;i++)o[i].style.display=\"none\";for(i=0;i<a.length;i++)s=a[i],e.source===s.contentWindow&&(s.removeAttribute(\"style\"),\"height\"===t.message?(1e3<(r=parseInt(t.value,10))?r=1e3:~~r<200&&(r=200),s.height=r):\"link\"===t.message&&(r=new URL(s.getAttribute(\"src\")),n=new URL(t.value),c.test(n.protocol))&&n.host===r.host&&l.activeElement===s&&(d.top.location.href=t.value))}},d.addEventListener(\"message\",d.wp.receiveEmbedMessage,!1),l.addEventListener(\"DOMContentLoaded\",function(){for(var e,t,s=l.querySelectorAll(\"iframe.wp-embedded-content\"),r=0;r<s.length;r++)(t=(e=s[r]).getAttribute(\"data-secret\"))||(t=Math.random().toString(36).substring(2,12),e.src+=\"#?secret=\"+t,e.setAttribute(\"data-secret\",t)),e.contentWindow.postMessage({message:\"ready\",secret:t},\"*\")},!1)))}(window,document);\n\/\/# sourceURL=https:\/\/hierostrasbourg.com\/wp-includes\/js\/wp-embed.min.js\n\/* ]]> *\/\n<\/script>\n","description":"\u201cGabriel Yared a compos\u00e9 la bande-son de nos vies : du piano de\u00a037\u00b02 Le Matin\u00a0au g\u00e9n\u00e9rique du 20 heures de TF1 en passant par Fran\u00e7oise Hardy, Mina ou Godard, sa musique impr\u00e8gne nos existences. C\u2019est un personnage entier, sinc\u00e8re, g\u00e9n\u00e9reux qui cache, derri\u00e8re sa douceur m\u00e9diterran\u00e9enne, une intensit\u00e9 et une exigence folle. Pour dialoguer avec lui, nous avons choisi quelqu\u2019un de tr\u00e8s diff\u00e9rent, au parcours plus chaotique, dont les musiques de films n\u2019ont pas \u00e9t\u00e9 r\u00e9compens\u00e9es aux Oscars, ni aux [&hellip;]"}

“Gabriel Yared a composé la bande-son de nos vies : du piano de 37°2 Le Matin au générique du 20 heures de TF1 en passant par Françoise Hardy, Mina ou Godard, sa musique imprègne nos existences. C’est un personnage entier, sincère, généreux qui cache, derrière sa douceur méditerranéenne, une intensité et une exigence folle. Pour dialoguer avec lui, nous avons choisi quelqu’un de très différent, au parcours plus chaotique, dont les musiques de films n’ont pas été récompensées aux Oscars, ni aux [&hellip;]
