{"version":"1.0","provider_name":"HIERO STRASBOURG","provider_url":"https:\/\/hierostrasbourg.com","title":"La France associative en mouvement \u2013 20\u00e8me \u00e9dition - HIERO STRASBOURG","type":"rich","width":600,"height":338,"html":"<blockquote class=\"wp-embedded-content\" data-secret=\"UhNnAkGFiA\"><a href=\"https:\/\/hierostrasbourg.com\/index.php\/2022\/10\/04\/la-france-associative-en-mouvement-20eme-edition\/\">La France associative en mouvement \u2013 20\u00e8me \u00e9dition<\/a><\/blockquote><iframe sandbox=\"allow-scripts\" security=\"restricted\" src=\"https:\/\/hierostrasbourg.com\/index.php\/2022\/10\/04\/la-france-associative-en-mouvement-20eme-edition\/embed\/#?secret=UhNnAkGFiA\" width=\"600\" height=\"338\" title=\"\u00ab\u00a0La France associative en mouvement \u2013 20\u00e8me \u00e9dition\u00a0\u00bb &#8212; HIERO STRASBOURG\" data-secret=\"UhNnAkGFiA\" frameborder=\"0\" marginwidth=\"0\" marginheight=\"0\" scrolling=\"no\" class=\"wp-embedded-content\"><\/iframe><script type=\"text\/javascript\">\n\/* <![CDATA[ *\/\n\/*! This file is auto-generated *\/\n!function(d,l){\"use strict\";l.querySelector&&d.addEventListener&&\"undefined\"!=typeof URL&&(d.wp=d.wp||{},d.wp.receiveEmbedMessage||(d.wp.receiveEmbedMessage=function(e){var t=e.data;if((t||t.secret||t.message||t.value)&&!\/[^a-zA-Z0-9]\/.test(t.secret)){for(var s,r,n,a=l.querySelectorAll('iframe[data-secret=\"'+t.secret+'\"]'),o=l.querySelectorAll('blockquote[data-secret=\"'+t.secret+'\"]'),c=new RegExp(\"^https?:$\",\"i\"),i=0;i<o.length;i++)o[i].style.display=\"none\";for(i=0;i<a.length;i++)s=a[i],e.source===s.contentWindow&&(s.removeAttribute(\"style\"),\"height\"===t.message?(1e3<(r=parseInt(t.value,10))?r=1e3:~~r<200&&(r=200),s.height=r):\"link\"===t.message&&(r=new URL(s.getAttribute(\"src\")),n=new URL(t.value),c.test(n.protocol))&&n.host===r.host&&l.activeElement===s&&(d.top.location.href=t.value))}},d.addEventListener(\"message\",d.wp.receiveEmbedMessage,!1),l.addEventListener(\"DOMContentLoaded\",function(){for(var e,t,s=l.querySelectorAll(\"iframe.wp-embedded-content\"),r=0;r<s.length;r++)(t=(e=s[r]).getAttribute(\"data-secret\"))||(t=Math.random().toString(36).substring(2,12),e.src+=\"#?secret=\"+t,e.setAttribute(\"data-secret\",t)),e.contentWindow.postMessage({message:\"ready\",secret:t},\"*\")},!1)))}(window,document);\n\/\/# sourceURL=https:\/\/hierostrasbourg.com\/wp-includes\/js\/wp-embed.min.js\n\/* ]]> *\/\n<\/script>\n","description":"communiqu\u00e9 La France associative en mouvement \u2013 20\u00e8me \u00e9dition Cette \u00e9tude dresse, comme chaque ann\u00e9e, l\u2019\u00e9tat des lieux de la vie associative \u00e0 partir des donn\u00e9es chiffr\u00e9es les plus r\u00e9centes, issues de sources officielles1 : 66 500 associations cr\u00e9\u00e9es entre juillet 2021 et juin 2022 Entre 1,4 et 1,5 million d\u2019associations en activit\u00e9 145 000 volontaires en service civique 146 740 associations employant 1,8 million de salari\u00e9s : pr\u00e8s d\u2019un salari\u00e9 sur dix du secteur priv\u00e9 (9,2%) Perc\u00e9e de l\u2019alternance [&hellip;]"}

La France associative en mouvement – 20ème édition - HIERO STRASBOURG

<blockquote class="wp-embedded-content" data-secret="UhNnAkGFiA"><a href="https://hierostrasbourg.com/index.php/2022/10/04/la-france-associative-en-mouvement-20eme-edition/">La France associative en mouvement – 20ème édition</a></blockquote><iframe sandbox="allow-scripts" security="restricted" src="https://hierostrasbourg.com/index.php/2022/10/04/la-france-associative-en-mouvement-20eme-edition/embed/#?secret=UhNnAkGFiA" width="600" height="338" title="« La France associative en mouvement – 20ème édition » &#8212; HIERO STRASBOURG" data-secret="UhNnAkGFiA" frameborder="0" marginwidth="0" marginheight="0" scrolling="no" class="wp-embedded-content"></iframe><script type="text/javascript">
/* <![CDATA[ */
/*! This file is auto-generated */
!function(d,l){"use strict";l.querySelector&&d.addEventListener&&"undefined"!=typeof URL&&(d.wp=d.wp||{},d.wp.receiveEmbedMessage||(d.wp.receiveEmbedMessage=function(e){var t=e.data;if((t||t.secret||t.message||t.value)&&!/[^a-zA-Z0-9]/.test(t.secret)){for(var s,r,n,a=l.querySelectorAll('iframe[data-secret="'+t.secret+'"]'),o=l.querySelectorAll('blockquote[data-secret="'+t.secret+'"]'),c=new RegExp("^https?:$","i"),i=0;i<o.length;i++)o[i].style.display="none";for(i=0;i<a.length;i++)s=a[i],e.source===s.contentWindow&&(s.removeAttribute("style"),"height"===t.message?(1e3<(r=parseInt(t.value,10))?r=1e3:~~r<200&&(r=200),s.height=r):"link"===t.message&&(r=new URL(s.getAttribute("src")),n=new URL(t.value),c.test(n.protocol))&&n.host===r.host&&l.activeElement===s&&(d.top.location.href=t.value))}},d.addEventListener("message",d.wp.receiveEmbedMessage,!1),l.addEventListener("DOMContentLoaded",function(){for(var e,t,s=l.querySelectorAll("iframe.wp-embedded-content"),r=0;r<s.length;r++)(t=(e=s[r]).getAttribute("data-secret"))||(t=Math.random().toString(36).substring(2,12),e.src+="#?secret="+t,e.setAttribute("data-secret",t)),e.contentWindow.postMessage({message:"ready",secret:t},"*")},!1)))}(window,document);
//# sourceURL=https://hierostrasbourg.com/wp-includes/js/wp-embed.min.js
/* ]]> */
</script>

communiqué La France associative en mouvement – 20ème édition Cette étude dresse, comme chaque année, l’état des lieux de la vie associative à partir des données chiffrées les plus récentes, issues de sources officielles1 : 66 500 associations créées entre juillet 2021 et juin 2022 Entre 1,4 et 1,5 million d’associations en activité 145 000 volontaires en service civique 146 740 associations employant 1,8 million de salariés : près d’un salarié sur dix du secteur privé (9,2%) Percée de l’alternance [&hellip;]
