{"version":"1.0","provider_name":"HIERO STRASBOURG","provider_url":"https:\/\/hierostrasbourg.com","title":"13i\u00e8 SENS [Obernai] recrute un directeur [F\/H] - HIERO STRASBOURG","type":"rich","width":600,"height":338,"html":"<blockquote class=\"wp-embedded-content\" data-secret=\"pBQOsuXldU\"><a href=\"https:\/\/hierostrasbourg.com\/index.php\/2022\/06\/21\/13ie-sens-obernai-recrute-un-directeur-f-h\/\">13i\u00e8 SENS [Obernai] recrute un directeur [F\/H]<\/a><\/blockquote><iframe sandbox=\"allow-scripts\" security=\"restricted\" src=\"https:\/\/hierostrasbourg.com\/index.php\/2022\/06\/21\/13ie-sens-obernai-recrute-un-directeur-f-h\/embed\/#?secret=pBQOsuXldU\" width=\"600\" height=\"338\" title=\"\u00ab\u00a013i\u00e8 SENS [Obernai] recrute un directeur [F\/H]\u00a0\u00bb &#8212; HIERO STRASBOURG\" data-secret=\"pBQOsuXldU\" frameborder=\"0\" marginwidth=\"0\" marginheight=\"0\" scrolling=\"no\" class=\"wp-embedded-content\"><\/iframe><script type=\"text\/javascript\">\n\/* <![CDATA[ *\/\n\/*! This file is auto-generated *\/\n!function(d,l){\"use strict\";l.querySelector&&d.addEventListener&&\"undefined\"!=typeof URL&&(d.wp=d.wp||{},d.wp.receiveEmbedMessage||(d.wp.receiveEmbedMessage=function(e){var t=e.data;if((t||t.secret||t.message||t.value)&&!\/[^a-zA-Z0-9]\/.test(t.secret)){for(var s,r,n,a=l.querySelectorAll('iframe[data-secret=\"'+t.secret+'\"]'),o=l.querySelectorAll('blockquote[data-secret=\"'+t.secret+'\"]'),c=new RegExp(\"^https?:$\",\"i\"),i=0;i<o.length;i++)o[i].style.display=\"none\";for(i=0;i<a.length;i++)s=a[i],e.source===s.contentWindow&&(s.removeAttribute(\"style\"),\"height\"===t.message?(1e3<(r=parseInt(t.value,10))?r=1e3:~~r<200&&(r=200),s.height=r):\"link\"===t.message&&(r=new URL(s.getAttribute(\"src\")),n=new URL(t.value),c.test(n.protocol))&&n.host===r.host&&l.activeElement===s&&(d.top.location.href=t.value))}},d.addEventListener(\"message\",d.wp.receiveEmbedMessage,!1),l.addEventListener(\"DOMContentLoaded\",function(){for(var e,t,s=l.querySelectorAll(\"iframe.wp-embedded-content\"),r=0;r<s.length;r++)(t=(e=s[r]).getAttribute(\"data-secret\"))||(t=Math.random().toString(36).substring(2,12),e.src+=\"#?secret=\"+t,e.setAttribute(\"data-secret\",t)),e.contentWindow.postMessage({message:\"ready\",secret:t},\"*\")},!1)))}(window,document);\n\/\/# sourceURL=https:\/\/hierostrasbourg.com\/wp-includes\/js\/wp-embed.min.js\n\/* ]]> *\/\n<\/script>\n","description":"Sous statut associatif, 13e sens, relais culturel d\u2019Obernai (environ 11 800 habitants), dispose d\u2019une salle de spectacle et de cin\u00e9ma de 158 places, ainsi que d\u2019un chapiteau de 400 places. L\u2019association dispose d\u2019un budget global d\u2019environ 700K\u20ac, d\u2019une \u00e9quipe de permanents et intermittents, et s\u2019appuie sur un important r\u00e9seau de b\u00e9n\u00e9voles investi dans le projet associatif. \u2022 La saison culturelle propose de septembre \u00e0 avril une quinzaine de spectacles pluridisciplinaires. \u2022 Le cin\u00e9ma, class\u00e9 Art et Essai, est labellis\u00e9 Jeune [&hellip;]"}

13iè SENS [Obernai] recrute un directeur [F/H] - HIERO STRASBOURG

<blockquote class="wp-embedded-content" data-secret="pBQOsuXldU"><a href="https://hierostrasbourg.com/index.php/2022/06/21/13ie-sens-obernai-recrute-un-directeur-f-h/">13iè SENS [Obernai] recrute un directeur [F/H]</a></blockquote><iframe sandbox="allow-scripts" security="restricted" src="https://hierostrasbourg.com/index.php/2022/06/21/13ie-sens-obernai-recrute-un-directeur-f-h/embed/#?secret=pBQOsuXldU" width="600" height="338" title="« 13iè SENS [Obernai] recrute un directeur [F/H] » &#8212; HIERO STRASBOURG" data-secret="pBQOsuXldU" frameborder="0" marginwidth="0" marginheight="0" scrolling="no" class="wp-embedded-content"></iframe><script type="text/javascript">
/* <![CDATA[ */
/*! This file is auto-generated */
!function(d,l){"use strict";l.querySelector&&d.addEventListener&&"undefined"!=typeof URL&&(d.wp=d.wp||{},d.wp.receiveEmbedMessage||(d.wp.receiveEmbedMessage=function(e){var t=e.data;if((t||t.secret||t.message||t.value)&&!/[^a-zA-Z0-9]/.test(t.secret)){for(var s,r,n,a=l.querySelectorAll('iframe[data-secret="'+t.secret+'"]'),o=l.querySelectorAll('blockquote[data-secret="'+t.secret+'"]'),c=new RegExp("^https?:$","i"),i=0;i<o.length;i++)o[i].style.display="none";for(i=0;i<a.length;i++)s=a[i],e.source===s.contentWindow&&(s.removeAttribute("style"),"height"===t.message?(1e3<(r=parseInt(t.value,10))?r=1e3:~~r<200&&(r=200),s.height=r):"link"===t.message&&(r=new URL(s.getAttribute("src")),n=new URL(t.value),c.test(n.protocol))&&n.host===r.host&&l.activeElement===s&&(d.top.location.href=t.value))}},d.addEventListener("message",d.wp.receiveEmbedMessage,!1),l.addEventListener("DOMContentLoaded",function(){for(var e,t,s=l.querySelectorAll("iframe.wp-embedded-content"),r=0;r<s.length;r++)(t=(e=s[r]).getAttribute("data-secret"))||(t=Math.random().toString(36).substring(2,12),e.src+="#?secret="+t,e.setAttribute("data-secret",t)),e.contentWindow.postMessage({message:"ready",secret:t},"*")},!1)))}(window,document);
//# sourceURL=https://hierostrasbourg.com/wp-includes/js/wp-embed.min.js
/* ]]> */
</script>

Sous statut associatif, 13e sens, relais culturel d’Obernai (environ 11 800 habitants), dispose d’une salle de spectacle et de cinéma de 158 places, ainsi que d’un chapiteau de 400 places. L’association dispose d’un budget global d’environ 700K€, d’une équipe de permanents et intermittents, et s’appuie sur un important réseau de bénévoles investi dans le projet associatif. • La saison culturelle propose de septembre à avril une quinzaine de spectacles pluridisciplinaires. • Le cinéma, classé Art et Essai, est labellisé Jeune [&hellip;]
