{"version":"1.0","provider_name":"HIERO STRASBOURG","provider_url":"https:\/\/hierostrasbourg.com","title":"VOIX DE STRS\u2019 recrutent un administrateur [F\/H] - HIERO STRASBOURG","type":"rich","width":600,"height":338,"html":"<blockquote class=\"wp-embedded-content\" data-secret=\"Ftkm0LDfLo\"><a href=\"https:\/\/hierostrasbourg.com\/index.php\/2022\/04\/11\/voix-de-strs-recrutent-un-administrateur-f-h\/\">VOIX DE STRS\u2019 recrutent un administrateur [F\/H]<\/a><\/blockquote><iframe sandbox=\"allow-scripts\" security=\"restricted\" src=\"https:\/\/hierostrasbourg.com\/index.php\/2022\/04\/11\/voix-de-strs-recrutent-un-administrateur-f-h\/embed\/#?secret=Ftkm0LDfLo\" width=\"600\" height=\"338\" title=\"\u00ab\u00a0VOIX DE STRS\u2019 recrutent un administrateur [F\/H]\u00a0\u00bb &#8212; HIERO STRASBOURG\" data-secret=\"Ftkm0LDfLo\" frameborder=\"0\" marginwidth=\"0\" marginheight=\"0\" scrolling=\"no\" class=\"wp-embedded-content\"><\/iframe><script type=\"text\/javascript\">\n\/* <![CDATA[ *\/\n\/*! This file is auto-generated *\/\n!function(d,l){\"use strict\";l.querySelector&&d.addEventListener&&\"undefined\"!=typeof URL&&(d.wp=d.wp||{},d.wp.receiveEmbedMessage||(d.wp.receiveEmbedMessage=function(e){var t=e.data;if((t||t.secret||t.message||t.value)&&!\/[^a-zA-Z0-9]\/.test(t.secret)){for(var s,r,n,a=l.querySelectorAll('iframe[data-secret=\"'+t.secret+'\"]'),o=l.querySelectorAll('blockquote[data-secret=\"'+t.secret+'\"]'),c=new RegExp(\"^https?:$\",\"i\"),i=0;i<o.length;i++)o[i].style.display=\"none\";for(i=0;i<a.length;i++)s=a[i],e.source===s.contentWindow&&(s.removeAttribute(\"style\"),\"height\"===t.message?(1e3<(r=parseInt(t.value,10))?r=1e3:~~r<200&&(r=200),s.height=r):\"link\"===t.message&&(r=new URL(s.getAttribute(\"src\")),n=new URL(t.value),c.test(n.protocol))&&n.host===r.host&&l.activeElement===s&&(d.top.location.href=t.value))}},d.addEventListener(\"message\",d.wp.receiveEmbedMessage,!1),l.addEventListener(\"DOMContentLoaded\",function(){for(var e,t,s=l.querySelectorAll(\"iframe.wp-embedded-content\"),r=0;r<s.length;r++)(t=(e=s[r]).getAttribute(\"data-secret\"))||(t=Math.random().toString(36).substring(2,12),e.src+=\"#?secret=\"+t,e.setAttribute(\"data-secret\",t)),e.contentWindow.postMessage({message:\"ready\",secret:t},\"*\")},!1)))}(window,document);\n\/\/# sourceURL=https:\/\/hierostrasbourg.com\/wp-includes\/js\/wp-embed.min.js\n\/* ]]> *\/\n<\/script>\n","description":"Ensemble vocal f\u00e9minin compos\u00e9 de 6 chanteuses lyriques, cr\u00e9\u00e9 en 2014 par la cheffe Catherine Bolzinger, Voix de Stras\u2019 r\u00e9alise une vingtaine de concerts par an ainsi que 2 \u00e0 3 cr\u00e9ations musicales ou sc\u00e9niques, organise des r\u00e9sidences de longue dur\u00e9e dans des lieux atypiques, produit des Cds et m\u00e8ne diverses actions p\u00e9dagogiques tout au long de l\u2019ann\u00e9e. Voix de Stras\u2019 a donn\u00e9\u2002des concerts \u00e0 Chicago,\u2002\u00e0 Rio de Janeiro,\u2002\u00e0 Moscou, \u00e0 Vienne, \u00e0 Dakar, mais aussi \u00e0 Scharrachbergheim, Rocles ou [&hellip;]"}

Ensemble vocal féminin composé de 6 chanteuses lyriques, créé en 2014 par la cheffe Catherine Bolzinger, Voix de Stras’ réalise une vingtaine de concerts par an ainsi que 2 à 3 créations musicales ou scéniques, organise des résidences de longue durée dans des lieux atypiques, produit des Cds et mène diverses actions pédagogiques tout au long de l’année. Voix de Stras’ a donné des concerts à Chicago, à Rio de Janeiro, à Moscou, à Vienne, à Dakar, mais aussi à Scharrachbergheim, Rocles ou [&hellip;]
