{"version":"1.0","provider_name":"HIERO STRASBOURG","provider_url":"https:\/\/hierostrasbourg.com","title":"Appel \u00e0 projets \u201c\u00c9t\u00e9 culturel 2022\u201d - HIERO STRASBOURG","type":"rich","width":600,"height":338,"html":"<blockquote class=\"wp-embedded-content\" data-secret=\"C3sC4xVJy3\"><a href=\"https:\/\/hierostrasbourg.com\/index.php\/2022\/04\/07\/appel-a-projets-ete-culturel-2022\/\">Appel \u00e0 projets \u201c\u00c9t\u00e9 culturel 2022\u201d<\/a><\/blockquote><iframe sandbox=\"allow-scripts\" security=\"restricted\" src=\"https:\/\/hierostrasbourg.com\/index.php\/2022\/04\/07\/appel-a-projets-ete-culturel-2022\/embed\/#?secret=C3sC4xVJy3\" width=\"600\" height=\"338\" title=\"\u00ab\u00a0Appel \u00e0 projets \u201c\u00c9t\u00e9 culturel 2022\u201d\u00a0\u00bb &#8212; HIERO STRASBOURG\" data-secret=\"C3sC4xVJy3\" frameborder=\"0\" marginwidth=\"0\" marginheight=\"0\" scrolling=\"no\" class=\"wp-embedded-content\"><\/iframe><script type=\"text\/javascript\">\n\/* <![CDATA[ *\/\n\/*! This file is auto-generated *\/\n!function(d,l){\"use strict\";l.querySelector&&d.addEventListener&&\"undefined\"!=typeof URL&&(d.wp=d.wp||{},d.wp.receiveEmbedMessage||(d.wp.receiveEmbedMessage=function(e){var t=e.data;if((t||t.secret||t.message||t.value)&&!\/[^a-zA-Z0-9]\/.test(t.secret)){for(var s,r,n,a=l.querySelectorAll('iframe[data-secret=\"'+t.secret+'\"]'),o=l.querySelectorAll('blockquote[data-secret=\"'+t.secret+'\"]'),c=new RegExp(\"^https?:$\",\"i\"),i=0;i<o.length;i++)o[i].style.display=\"none\";for(i=0;i<a.length;i++)s=a[i],e.source===s.contentWindow&&(s.removeAttribute(\"style\"),\"height\"===t.message?(1e3<(r=parseInt(t.value,10))?r=1e3:~~r<200&&(r=200),s.height=r):\"link\"===t.message&&(r=new URL(s.getAttribute(\"src\")),n=new URL(t.value),c.test(n.protocol))&&n.host===r.host&&l.activeElement===s&&(d.top.location.href=t.value))}},d.addEventListener(\"message\",d.wp.receiveEmbedMessage,!1),l.addEventListener(\"DOMContentLoaded\",function(){for(var e,t,s=l.querySelectorAll(\"iframe.wp-embedded-content\"),r=0;r<s.length;r++)(t=(e=s[r]).getAttribute(\"data-secret\"))||(t=Math.random().toString(36).substring(2,12),e.src+=\"#?secret=\"+t,e.setAttribute(\"data-secret\",t)),e.contentWindow.postMessage({message:\"ready\",secret:t},\"*\")},!1)))}(window,document);\n\/\/# sourceURL=https:\/\/hierostrasbourg.com\/wp-includes\/js\/wp-embed.min.js\n\/* ]]> *\/\n<\/script>\n","description":"Votre structure propose un projet culturel en \u00e9t\u00e9 ? Le minist\u00e8re de la Culture apporte un soutien financier \u00e0 des projets culturels et artistiques en ce sens, organis\u00e9s en juillet et en ao\u00fbt. Pr\u00e9sentation du dispositif Qu\u2019est-ce que l\u2019\u00e9t\u00e9 culturel ? Lanc\u00e9 en 2020, l\u2019\u00e9t\u00e9 culturel est une op\u00e9ration nationale visant \u00e0\u00a0soutenir des propositions artistiques et culturelles\u00a0(concerts, repr\u00e9sentations, ateliers, projets participatifs\u2026), toutes disciplines confondues, ayant lieu en juillet et ao\u00fbt. Ces\u00a0 projets peuvent \u00eatre propos\u00e9s par une association, un particulier, [&hellip;]"}

Appel à projets “Été culturel 2022” - HIERO STRASBOURG

<blockquote class="wp-embedded-content" data-secret="C3sC4xVJy3"><a href="https://hierostrasbourg.com/index.php/2022/04/07/appel-a-projets-ete-culturel-2022/">Appel à projets “Été culturel 2022”</a></blockquote><iframe sandbox="allow-scripts" security="restricted" src="https://hierostrasbourg.com/index.php/2022/04/07/appel-a-projets-ete-culturel-2022/embed/#?secret=C3sC4xVJy3" width="600" height="338" title="« Appel à projets “Été culturel 2022” » &#8212; HIERO STRASBOURG" data-secret="C3sC4xVJy3" frameborder="0" marginwidth="0" marginheight="0" scrolling="no" class="wp-embedded-content"></iframe><script type="text/javascript">
/* <![CDATA[ */
/*! This file is auto-generated */
!function(d,l){"use strict";l.querySelector&&d.addEventListener&&"undefined"!=typeof URL&&(d.wp=d.wp||{},d.wp.receiveEmbedMessage||(d.wp.receiveEmbedMessage=function(e){var t=e.data;if((t||t.secret||t.message||t.value)&&!/[^a-zA-Z0-9]/.test(t.secret)){for(var s,r,n,a=l.querySelectorAll('iframe[data-secret="'+t.secret+'"]'),o=l.querySelectorAll('blockquote[data-secret="'+t.secret+'"]'),c=new RegExp("^https?:$","i"),i=0;i<o.length;i++)o[i].style.display="none";for(i=0;i<a.length;i++)s=a[i],e.source===s.contentWindow&&(s.removeAttribute("style"),"height"===t.message?(1e3<(r=parseInt(t.value,10))?r=1e3:~~r<200&&(r=200),s.height=r):"link"===t.message&&(r=new URL(s.getAttribute("src")),n=new URL(t.value),c.test(n.protocol))&&n.host===r.host&&l.activeElement===s&&(d.top.location.href=t.value))}},d.addEventListener("message",d.wp.receiveEmbedMessage,!1),l.addEventListener("DOMContentLoaded",function(){for(var e,t,s=l.querySelectorAll("iframe.wp-embedded-content"),r=0;r<s.length;r++)(t=(e=s[r]).getAttribute("data-secret"))||(t=Math.random().toString(36).substring(2,12),e.src+="#?secret="+t,e.setAttribute("data-secret",t)),e.contentWindow.postMessage({message:"ready",secret:t},"*")},!1)))}(window,document);
//# sourceURL=https://hierostrasbourg.com/wp-includes/js/wp-embed.min.js
/* ]]> */
</script>

Votre structure propose un projet culturel en été ? Le ministère de la Culture apporte un soutien financier à des projets culturels et artistiques en ce sens, organisés en juillet et en août. Présentation du dispositif Qu’est-ce que l’été culturel ? Lancé en 2020, l’été culturel est une opération nationale visant à soutenir des propositions artistiques et culturelles (concerts, représentations, ateliers, projets participatifs…), toutes disciplines confondues, ayant lieu en juillet et août. Ces  projets peuvent être proposés par une association, un particulier, [&hellip;]
